est common factor of 1122495 and 66?
33
Calculate the greatest common divisor of 2414 and 4402.
142
What is the highest common factor of 3976 and 12334?
14
Calculate the highest common divisor of 1176291 and 9.
9
Calculate the highest common factor of 49691 and 223295.
629
What is the greatest common divisor of 7030 and 11210?
190
What is the greatest common divisor of 50950 and 300?
50
Calculate the greatest common factor of 8432 and 71264.
272
Calculate the greatest common divisor of 1190 and 39970.
70
Calculate the greatest common factor of 2289 and 336.
21
Calculate the greatest common factor of 320 and 12560.
80
Calculate the highest common divisor of 102456 and 48.
24
What is the highest common divisor of 170 and 45220?
170
What is the highest common divisor of 212524 and 338?
26
Calculate the greatest common divisor of 183 and 21655.
61
What is the highest common factor of 1652790 and 222?
222
What is the greatest common factor of 1090 and 540095?
545
Calculate the greatest common divisor of 4838 and 19706.
118
What is the highest common factor of 20 and 179290?
10
What is the greatest common divisor of 76 and 5197317?
19
Calculate the highest common divisor of 135 and 28458.
27
Calculate the highest common divisor of 645 and 2731188.
129
What is the highest common divisor of 3712 and 1398496?
928
Calculate the greatest common divisor of 6109847 and 2738.
1369
Calculate the greatest common divisor of 10675 and 50.
25
Calculate the greatest common factor of 76242 and 8536.
194
Calculate the highest common factor of 187 and 12.
1
What is the highest common divisor of 63680 and 30845?
995
What is the greatest common divisor of 112096 and 452?
452
What is the greatest common divisor of 1544 and 851902?
386
What is the greatest common divisor of 4399 and 45401?
83
Calculate the highest common factor of 33 and 112629.
33
What is the highest common factor of 387 and 6606?
9
What is the greatest common divisor of 866259 and 261?
261
Calculate the greatest common divisor of 96512 and 2912.
416
What is the highest common divisor of 71284 and 355?
71
Calculate the greatest common divisor of 59335 and 5.
5
What is the greatest common divisor of 2100 and 74300?
100
Calculate the greatest common divisor of 2693 and 66.
1
Calculate the greatest common divisor of 29609 and 129667.
1021
Calculate the highest common factor of 4064 and 864.
32
Calculate the greatest common divisor of 13184 and 512.
128
Calculate the greatest common divisor of 418240 and 640.
320
Calculate the greatest common divisor of 52965 and 2685.
15
What is the highest common factor of 1285262 and 339?
113
What is the highest common divisor of 83620 and 166110?
1130
Calculate the greatest common divisor of 2424 and 33.
3
What is the greatest common divisor of 297 and 858?
33
What is the greatest common factor of 14067 and 594?
27
Calculate the highest common divisor of 3845 and 20.
5
Calculate the highest common factor of 215 and 376207.
43
What is the greatest common divisor of 86809 and 47?
47
What is the greatest common factor of 30527 and 178?
89
What is the greatest common divisor of 540862 and 98?
98
What is the highest common factor of 14922 and 30?
6
Calculate the greatest common divisor of 2275 and 3640.
455
Calculate the greatest common factor of 574 and 114554.
82
What is the greatest common factor of 1462 and 2074?
34
What is the greatest common divisor of 184541 and 25543?
287
What is the greatest common divisor of 200 and 142825?
25
Calculate the greatest common divisor of 92071 and 392.
49
Calculate the highest common factor of 150 and 1114950.
150
What is the greatest common factor of 3303828 and 6180?
1236
What is the greatest common divisor of 6 and 1069482?
6
Calculate the highest common factor of 3444 and 3171.
21
What is the highest common factor of 445 and 3340?
5
Calculate the greatest common factor of 13180 and 460.
20
What is the greatest common factor of 102410 and 55?
55
Calculate the highest common factor of 581348 and 92.
92
Calculate the highest common divisor of 2088 and 4248.
72
What is the highest common divisor of 1574814 and 12?
6
What is the highest common factor of 176 and 2314928?
176
What is the highest common divisor of 86769 and 31?
31
What is the highest common factor of 479025 and 225?
225
What is the highest common factor of 1616 and 2628424?
808
Calculate the greatest common factor of 3180230 and 10.
10
Calculate the highest common divisor of 56 and 3992.
8
What is the greatest common factor of 1455 and 334941?
291
Calculate the highest common factor of 1225 and 30135.
245
Calculate the highest common factor of 10839 and 147.
3
What is the highest common factor of 11571 and 20406?
57
What is the greatest common divisor of 151 and 61?
1
Calculate the highest common factor of 90856 and 4.
4
What is the highest common factor of 25 and 1602325?
25
What is the highest common divisor of 11 and 338525?
11
Calculate the greatest common factor of 2360 and 2419.
59
What is the highest common factor of 5360 and 3040?
80
What is the highest common factor of 704 and 11033?
11
What is the highest common divisor of 4300 and 75?
25
What is the greatest common divisor of 46120 and 560?
40
What is the highest common divisor of 46699 and 2788?
697
What is the highest common factor of 4092 and 408?
12
What is the highest common factor of 808461 and 5545?
1109
What is the greatest common factor of 290618 and 1655?
331
What is the highest common divisor of 126166 and 1393?
199
Calculate the greatest common factor of 136 and 76364.
68
What is the greatest common divisor of 1848 and 3843?
21
What is the highest common divisor of 3945463 and 929?
929
What is the highest common factor of 65182 and 31096?
598
Calculate the greatest common divisor of 2719675 and 350.
175
What is the greatest common divisor of 107489 and 2021?
47
Calculate the highest common divisor of 916418 and 764.
382
Calculate the highest common factor of 7198 and 5368.
122
What is the greatest common factor of 259 and 18537?
37
What is the greatest common factor of 7564 and 2356?
124
What is the highest common factor of 1254 and 145574?
22
What is the highest common factor of 1964904 and 684?
228
Calculate the highest common divisor of 18614 and 45854.
454
Calculate the greatest common factor of 32 and 1526344.
8
Calculate the greatest common factor of 77246 and 52.
26
What is the greatest common factor of 1350 and 4361400?
450
Calculate the highest common factor of 18525 and 52611.
741
What is the greatest common divisor of 736 and 6210?
46
What is the highest common divisor of 28 and 105406?
14
What is the greatest common divisor of 146288 and 656?
656
Calculate the highest common factor of 51 and 309.
3
Calculate the greatest common factor of 11934 and 24786.
918
What is the greatest common factor of 146734 and 4906?
446
What is the highest common factor of 1419768 and 54?
54
Calculate the greatest common factor of 12116 and 2587.
13
Calculate the highest common factor of 330 and 13950.
30
Calculate the greatest common divisor of 4508 and 574.
14
Calculate the highest common divisor of 125 and 771550.
25
Calculate the greatest common factor of 80813 and 1149.
383
Calculate the highest common divisor of 237801 and 279.
93
What is the highest common divisor of 66855 and 30?
15
Calculate the highest common divisor of 265986 and 126.
126
What is the highest common factor of 2008 and 1744?
8
What is the highest common divisor of 55372 and 15748?
508
What is the greatest common divisor of 4414 and 8128381?
2207
What is the highest common factor of 110 and 1019645?
55
Calculate the highest common divisor of 132 and 36234.
66
What is the greatest common factor of 32332 and 59732?
548
What is the highest common divisor of 128 and 136?
8
Calculate the greatest common factor of 34 and 10910362.
34
Calculate the highest common divisor of 27 and 400761.
27
What is the highest common divisor of 6601287 and 102?
51
Calculate the greatest common divisor of 82647 and 189.
27
Calculate the highest common factor of 602 and 3178.
14
Calculate the highest common divisor of 40816 and 16.
16
Calculate the highest common factor of 380 and 8560.
20
What is the greatest common divisor of 994 and 651?
7
What is th